177?
True
Is 694 a factor of 62407665?
False
Does 285 divide 251283295?
False
Does 812 divide 252454048?
True
Is 158293590 a multiple of 2093?
True
Does 15 divide 38712523?
False
Is 613758542 a multiple of 797?
True
Is 416392961 a multiple of 6607?
True
Is 103 a factor of 92736321?
False
Is 64006921 a multiple of 15?
False
Is 5265 a factor of 149457555?
True
Is 1337 a factor of 1553901540?
False
Does 871 divide 1622673?
True
Does 255 divide 106716990?
True
Is 2645 a factor of 16644985?
True
Is 10 a factor of 38859380?
True
Does 19 divide 52431090?
False
Is 31119786 a multiple of 2246?
False
Is 27562257 a multiple of 69?
True
Does 623 divide 94622539?
False
Is 607 a factor of 40287760?
False
Is 285 a factor of 316555200?
True
Is 66524985 a multiple of 145?
True
Is 157942400 a multiple of 50?
True
Is 877091985 a multiple of 63?
True
Is 1555 a factor of 100042480?
True
Is 2919906 even?
True
Is 8863040 a multiple of 80?
True
Is 1089137440 a multiple of 23?
False
Does 403 divide 19435481?
True
Is 5089 a factor of 935673718?
True
Is 585767 a multiple of 157?
True
Is 61 a factor of 1549400?
True
Is 233884672 a multiple of 974?
True
Is 3 a factor of 12068509?
False
Is 34 a factor of 8870192?
True
Does 119 divide 77760788?
True
Is 102 a factor of 67164382?
False
Is 19 a factor of 1977026?
True
Does 16 divide 22836736?
True
Is 287457611 even?
False
Does 2058 divide 43262501?
False
Is 8 a factor of 348892612?
False
Does 2490 divide 270615690?
True
Is 33470001 a multiple of 3?
True
Does 162 divide 147905514?
True
Is 15 a factor of 13752180?
True
Is 64014014 a multiple of 86?
True
Does 891 divide 56327188?
False
Is 7469362 a multiple of 230?
False
Is 712 a factor of 62504344?
True
Is 11799415 a multiple of 2?
False
Does 13 divide 2403544530?
False
Is 12 a factor of 241094777?
False
Does 93 divide 46066083?
False
Is 1886 a factor of 80407724?
True
Does 113 divide 38394034?
False
Does 208 divide 56776304?
True
Is 1128423 a multiple of 47?
True
Does 212 divide 147180152?
True
Is 8 a factor of 216461171?
False
Is 6110 a factor of 62984285?
False
Is 2221 a factor of 32986292?
True
Is 167396814 a multiple of 26?
True
Is 16174400 a multiple of 55?
True
Does 178 divide 37762344?
True
Does 154 divide 542289661?
False
Does 3 divide 29756103?
True
Is 110 a factor of 700655560?
True
Is 18796643 a multiple of 1548?
False
Does 11 divide 31012222?
False
Is 29583357 a multiple of 29?
False
Does 192 divide 31971840?
True
Is 7412218 a multiple of 11?
True
Is 3 a factor of 199405563?
True
Does 170 divide 251137553?
False
Does 177 divide 10196970?
True
Does 535 divide 141848770?
False
Does 60 divide 99798123?
False
Is 1185 a factor of 22672605?
True
Is 13 a factor of 1040345791?
False
Is 379378187 a multiple of 57?
False
Is 7 a factor of 167272128?
False
Does 750 divide 13474183?
False
Is 146424736 a multiple of 7463?
False
Is 3205491336 a multiple of 4236?
True
Is 369 a factor of 185377851?
True
Does 1936 divide 1071083151?
False
Does 98 divide 276352454?
True
Is 1670296 a multiple of 8?
True
Is 4 a factor of 9193804?
True
Does 4860 divide 83212920?
True
Does 188 divide 31423824?
True
Is 1841 a factor of 2611677363?
False
Does 28 divide 155756094?
False
Is 7 a factor of 671075438?
False
Does 2 divide 1132330?
True
Does 767 divide 140838074?
True
Is 25728755 a multiple of 251?
True
Is 3054 a factor of 209663208?
True
Does 137 divide 1736273747?
True
Is 460038 a multiple of 13?
False
Is 7176 a factor of 2356510438?
False
Does 404 divide 159196001?
False
Is 5 a factor of 31713025?
True
Is 51700446 a multiple of 6?
True
Is 12176353 a multiple of 28?
False
Is 150946180 a multiple of 46?
False
Is 38898720 a multiple of 544?
True
Is 299 a factor of 159373877?
True
Does 26 divide 510890302?
True
Does 5 divide 158438416?
False
Is 8169 a factor of 1296992969?
False
Does 467 divide 212903457?
False
Is 364323253 a multiple of 287?
True
Is 654787308 a multiple of 970?
False
Does 5 divide 500150750?
True
Is 7 a factor of 47297509?
True
Does 296 divide 49980733?
False
Is 30 a factor of 564392553?
False
Does 973 divide 52980823?
True
Does 259 divide 1891477?
True
Does 1190 divide 342202350?
True
Does 16 divide 1541820464?
True
Does 17 divide 959322716?
True
Is 694002088 a multiple of 217?
False
Is 25278080 a multiple of 32?
True
Does 115 divide 925295635?
True
Does 184 divide 358016896?
True
Is 2067032250 a multiple of 9?
True
Is 40 a factor of 17980881?
False
Is 2187 a factor of 1813127976?
True
Does 65 divide 46804239?
False
Does 15 divide 976038005?
False
Does 669 divide 137158380?
True
Is 44 a factor of 24758184?
True
Is 17 a factor of 970962021?
True
Does 3 divide 40436423?
False
Does 595 divide 476777627?
False
Is 727 a factor of 594711445?
True
Does 5240 divide 7968657?
False
Is 65 a factor of 317959005?
True
Does 1336 divide 834926520?
True
Is 914333342 a multiple of 5122?
True
Is 234 a factor of 48709817?
False
Does 43 divide 35188749?
True
Is 5588 a factor of 499683008?
False
Does 797 divide 201817137?
True
Is 111 a factor of 13498710?
True
Does 141 divide 1929163410?
True
Is 1252963612 a multiple of 2866?
True
Does 301 divide 1742214330?
False
Does 2692 divide 181821463?
False
Is 841 a factor of 202556532?
True
Does 3443 divide 937842216?
False
Does 41 divide 7399409?
False
Is 21 a factor of 3826533?
False
Is 102520298 a multiple of 166?
False
Is 1714529 even?
False
Does 57 divide 452455842?
False
Is 1360940 a multiple of 7?
True
Does 3763 divide 186573384?
False
Does 279 divide 197772219?
True
Is 376 a factor of 23276656?
True
Does 10 divide 15781780?
True
Is 417978527 a multiple of 2?
False
Is 1570565009 a multiple of 62?
False
Does 30 divide 193834161?
False
Is 186 a factor of 131317674?
True
Is 121670428 a multiple of 1562?
True
Is 61652883 a multiple of 991?
False
Does 1076 divide 16922248?
False
Does 57 divide 1133338410?
True
Is 309750985 a multiple of 6185?
True
Is 15 a factor of 60349913?
False
Is 287584263 a multiple of 644?
False
Is 570727292 a multiple of 452?
True
Is 23878021 a multiple of 17?
False
Does 12 divide 40715597?
False
Is 104790840 a multiple of 2541?
True
Does 1956 divide 614640281?
False
Does 104 divide 138700743?
False
Is 75 a factor of 63900600?
True
Is 313977844 a multiple of 61?
False
Does 1183 divide 62063164?
False
Does 1902 divide 7316994?
True
Is 1630392884 a multiple of 5732?
True
Is 968902070 a multiple of 1510?
True
Is 15 a factor of 62185444?
False
Is 90 a factor of 1139645610?
True
Is 1187057592 a multiple of 149?
False
Does 168 divide 55414464?
True
Is 3761470944 a multiple of 693?
True
Is 3126 a factor of 2928555588?
True
Is 10959 a factor of 1403782146?
True
Is 179 a factor of 52233990?
True
Is 23880807 a multiple of 156?
False
Is 18 a factor of 58679907?
False
Is 6509559 a multiple of 321?
True
Is 6354514 a multiple of 2?
True
Is 31676183 a multiple of 77?
True
Is 4630816 a multiple of 3079?
True
Does 546 divide 158630472?
True
Is 70017296 a multiple of 622?
True
Is 28 a factor of 1854670496?
True
Is 1119 a factor of 192547449?
True
Does 633 divide 63366546?
False
Is 27 a factor of 5447763?
True
Is 1564852674 a multiple of 11?
True
Is 1157982159 a multiple of 354?
False
Does 4354 divide 1284597347?
False
Does 3384 divide 1611804477?
False
Does 8618 divide 1262123461?
False
Is 2413 a factor of 28567691?
False
Is 1201 a factor of 12440729?
False
Does 63 divide 56441633?
False
Is 103 a factor of 364227911?
False
Does 25 divide 204759400?
True
Is 1579331304 a multiple of 216?
True
Is 15 a factor of 772364508?
False
Is 260 a factor of 11296480?
True
Is 252 a factor of 1587487608?
True
Is 11 a factor of 2582315433?
False
Is 8 a factor of 29817712?
True
Is 4 a factor of 12080148?
True
Is 966 a factor of 450754?
False
Does 595 divide 77800415?
True
Does 22 divide 77413926?
False
Is 715 a factor of 88294077?
False
Is 1409 a factor of 209501268?
False
Is 47542708 a multiple of 27?
False
Does 538 divide 465292121?
False
Does 8 divide 22842702?
False
Is 10 a factor of 73000790?
True
Is 137 a factor of 246592692?
False
Is 56689345 a multiple of 29?
True
Is 372854400 a multiple of 200?
True
Is 58 a factor of 110302121?
False
Does 3833 divide 1486060366?
False
Does 16 divide 1822505130?
False
Does 81 divide 205075414?
False
Is 6625166 a multiple o